2050902?
6
What is the thousands digit of 68675551?
5
What is the hundred thousands digit of 108181792?
1
What is the ten millions digit of 95931454?
9
What is the hundreds digit of 51938592?
5
What is the thousands digit of 224683581?
3
What is the ten thousands digit of 20045713?
4
What is the thousands digit of 87537165?
7
What is the ten thousands digit of 56070582?
7
What is the thousands digit of 255446518?
6
What is the billions digit of 3287938436?
3
What is the ten thousands digit of 11749230?
4
What is the millions digit of 709623611?
9
What is the thousands digit of 52908364?
8
What is the hundreds digit of 8324473?
4
What is the thousands digit of 157055862?
5
What is the hundred thousands digit of 273024490?
0
What is the ten millions digit of 1106719045?
0
What is the ten millions digit of 4397921412?
9
What is the millions digit of 9324487?
9
What is the hundred thousands digit of 341854758?
8
What is the hundreds digit of 3538720041?
0
What is the hundreds digit of 967942719?
7
What is the tens digit of 184717753?
5
What is the hundred thousands digit of 942128335?
1
What is the units digit of 831053445?
5
What is the hundred thousands digit of 950842658?
8
What is the units digit of 38040200?
0
What is the hundreds digit of 1760152273?
2
What is the hundred thousands digit of 28026995?
0
What is the ten millions digit of 281143940?
8
What is the units digit of 135241194?
4
What is the hundreds digit of 163016628?
6
What is the millions digit of 126515059?
6
What is the units digit of 1300340881?
1
What is the tens digit of 1878045261?
6
What is the units digit of 900793776?
6
What is the thousands digit of 3066254083?
4
What is the millions digit of 18104968?
8
What is the hundreds digit of 26997838?
8
What is the ten millions digit of 982977668?
8
What is the tens digit of 53196024?
2
What is the units digit of 852679?
9
What is the units digit of 72766783?
3
What is the hundreds digit of 52577495?
4
What is the hundred thousands digit of 1941545591?
5
What is the hundred thousands digit of 144116355?
1
What is the units digit of 450451192?
2
What is the units digit of 443709264?
4
What is the hundred millions digit of 1020114100?
0
What is the millions digit of 59075150?
9
What is the ten thousands digit of 1019773447?
7
What is the units digit of 36002688?
8
What is the hundred thousands digit of 596233203?
2
What is the units digit of 78203524?
4
What is the tens digit of 155741109?
0
What is the tens digit of 372403695?
9
What is the hundred thousands digit of 2466466311?
4
What is the ten thousands digit of 349339111?
3
What is the hundreds digit of 176131689?
6
What is the thousands digit of 6468653555?
3
What is the thousands digit of 1029656?
9
What is the hundreds digit of 1436707157?
1
What is the ten millions digit of 109893965?
0
What is the thousands digit of 1629940264?
0
What is the thousands digit of 152126630?
6
What is the thousands digit of 30938712?
8
What is the millions digit of 33671804?
3
What is the ten thousands digit of 1362912516?
1
What is the hundreds digit of 132520106?
1
What is the hundred thousands digit of 883811026?
8
What is the ten thousands digit of 307602285?
0
What is the ten thousands digit of 925766992?
6
What is the hundreds digit of 797638131?
1
What is the hundreds digit of 573240432?
4
What is the hundreds digit of 415788666?
6
What is the units digit of 84838740?
0
What is the hundred thousands digit of 45233517?
2
What is the thousands digit of 57391809?
1
What is the tens digit of 74603933?
3
What is the millions digit of 19733237?
9
What is the millions digit of 33788597?
3
What is the thousands digit of 11080387?
0
What is the tens digit of 3121924115?
1
What is the millions digit of 828406646?
8
What is the billions digit of 6145997862?
6
What is the units digit of 1111201?
1
What is the billions digit of 1404472382?
1
What is the ten millions digit of 40489482?
4
What is the hundred thousands digit of 1399725976?
7
What is the tens digit of 32843775?
7
What is the millions digit of 1907532894?
7
What is the millions digit of 3182362494?
2
What is the tens digit of 86400239?
3
What is the hundreds digit of 3650112?
1
What is the hundred thousands digit of 68334224?
3
What is the millions digit of 5620297320?
0
What is the hundreds digit of 253107742?
7
What is the ten millions digit of 184286335?
8
What is the units digit of 45018607?
7
What is the millions digit of 258134834?
8
What is the hundred thousands digit of 90145050?
1
What is the ten thousands digit of 24597413?
9
What is the ten thousands digit of 553208833?
0
What is the hundred millions digit of 908444876?
9
What is the ten thousands digit of 1382200752?
0
What is the hundreds digit of 18834280?
2
What is the ten thousands digit of 130217496?
1
What is the ten thousands digit of 7162430366?
3
What is the thousands digit of 232146042?
6
What is the tens digit of 810416060?
6
What is the hundred thousands digit of 630750551?
7
What is the ten thousands digit of 398065056?
6
What is the hundreds digit of 4982099769?
7
What is the ten thousands digit of 1462219?
6
What is the millions digit of 619786407?
9
What is the hundred thousands digit of 39796882?
7
What is the thousands digit of 5966568145?
8
What is the hundred thousands digit of 41935606?
9
What is the ten thousands digit of 15523571?
2
What is the hundreds digit of 1334814687?
6
What is the ten thousands digit of 444413421?
1
What is the ten thousands digit of 640316622?
1
What is the hundred millions digit of 173992469?
1
What is the hundred thousands digit of 38406111?
4
What is the millions digit of 504707463?
4
What is the ten millions digit of 520313242?
2
What is the tens digit of 37819926?
2
What is the hundred millions digit of 437197128?
4
What is the hundred thousands digit of 670917616?
9
What is the hundred thousands digit of 21239529?
2
What is the millions digit of 42247466?
2
What is the ten thousands digit of 6117559?
1
What is the ten millions digit of 60704846?
6
What is the millions digit of 176113250?
6
What is the millions digit of 575452272?
5
What is the hundreds digit of 334519842?
8
What is the ten thousands digit of 128978327?
7
What is the hundred thousands digit of 43772970?
7
What is the tens digit of 354249101?
0
What is the tens digit of 15385379?
7
What is the hundred thousands digit of 596749430?
7
What is the units digit of 248898456?
6
What is the hundreds digit of 1684809015?
0
What is the millions digit of 765049134?
5
What is the thousands digit of 1382985856?
5
What is the ten thousands digit of 23846050?
4
What is the hundred millions digit of 939640470?
9
What is the tens digit of 81508850?
5
What is the units digit of 231957151?
1
What is the units digit of 432794497?
7
What is the units digit of 96785803?
3
What is the units digit of 74252622?
2
What is the billions digit of 3829371139?
3
What is the thousands digit of 117019283?
9
What is the thousands digit of 5631795422?
5
What is the tens digit of 78314345?
4
What is the millions digit of 598853258?
8
What is the billions digit of 1726219203?
1
What is the thousands digit of 237591619?
1
What is the millions digit of 109239073?
9
What is the ten millions digit of 26788067?
2
What is the ten millions digit of 1893367103?
9
What is the ten thousands digit of 23410181?
1
What is the billions digit of 1708081938?
1
What is the hundred thousands digit of 374230382?
2
What is the ten millions digit of 1122308983?
2
What is the hundred millions digit of 1835629680?
8
What is the units digit of 162337271?
1
What is the tens digit of 359080378?
7
What is the hundreds digit of 190984883?
8
What is the units digit of 1825348825?
5
What is the units digit of 138351257?
7
What is the millions digit of 7580870907?
0
What is the hundred thousands digit of 47091689?
0
What is the millions digit of 3788554311?
8
What is the units digit of 494757519?
9
What is the hundreds digit of 314548734?
7
What is the ten thousands digit of 708338662?
3
What is the millions digit of 230037582?
0
What is the units digit of 22099845?
5
What is the hundreds digit of 284820010?
0
What is the ten thousands digit of 261932935?
3
What is the units digit of 356845300?
0
What is the tens di